3*c, 3*l - q*c = 2736. Is l a composite number?
False
Let j = 385 + -379. Is j + (6/(-2) - -2558) a composite number?
True
Suppose 3*p = -2*m + 10, 32*m + 21 = 4*p + 27*m. Suppose 6*o = p*o + 212. Is o prime?
False
Suppose -262*m = -347*m + 518585. Is m composite?
False
Suppose 3*r + 27 = 72. Let u = r + -18. Let a(w) = -87*w**3 - w**2 + w - 4. Is a(u) a composite number?
False
Suppose 0 = 8*b + 70885 + 215131. Is (-1)/(b/(-89480) - (-4)/(-10)) prime?
True
Let t = -115355 + 180144. Is t a composite number?
True
Let i = 1557587 + -913150. Is i a prime number?
False
Let d(j) = 2*j**3 + 12*j**2 + 7*j - 5. Let y be d(-5). Suppose -y*t = -19*t + 4221. Is t prime?
False
Suppose t = 55 + 75. Let m(u) = 1638*u**2 - t*u + 130*u + 1. Is m(1) a composite number?
True
Let v = 229147 + -151434. Suppose -i - 15548 = -n, -5*n = 3*i + i - v. Is n a composite number?
True
Suppose -9*m + 5*m - 4 = 0, -2*m = 2*j - 62612. Is j a composite number?
False
Let t(j) = -31 + 56*j + 36*j + 4 - 4. Let r be t(13). Suppose o = -4*a + 1175, -3*o = -a + 5*a - r. Is a composite?
True
Suppose -10*p = -9*p - 2*s - 177345, -5*s + 5 = 0. Is p a prime number?
True
Let p = -23 + 32. Let z be 14 - -1858 - (-3)/(-1). Suppose 5412 = p*h - z. Is h composite?
False
Let u = 12044 + 23423. Is u composite?
True
Suppose 6*m = 2*m + 2*q + 76054, -3*m + 3*q = -57042. Is m a composite number?
False
Let g(b) = -522*b**3 + 20*b**2 - 9*b - 192. Is g(-7) a composite number?
False
Let a(m) = 37*m - 34. Let s(h) = -38*h + 33. Let q(j) = j**2 - 22*j + 25. Let i be q(21). Let y(n) = i*s(n) + 3*a(n). Is y(-13) prime?
True
Suppose 4*m + 3*n - 54 = 0, 0*n + 3*n - 69 = -5*m. Suppose -m = -3*i - 6. Is (693/6)/(-1)*(-2)/i prime?
False
Let f(p) = p**2 - 9*p + 51. Let m be f(25). Is m - ((-124)/31 + 1 + 5) prime?
True
Let x(s) = 7141*s - 1069. Is x(27) prime?
False
Suppose -5*x - 1 = -61. Let c(g) = g**2 - 11*g - 8. Let s be c(x). Suppose 0 = -s*n + 12, i + n = -2*n + 150. Is i a composite number?
True
Let z(c) = 3*c**3 - 12*c**2 + 8*c - 7. Let h be z(16). Let v = h + -4278. Is v composite?
False
Suppose 50*i + 10204 = 52*i. Is 7/14*i*(1 - -4) a prime number?
False
Let y(i) = i**3 - 16*i**2 - 37*i + 26. Let t be y(18). Is 5 + t/(-18) + (-14998)/(-9) a prime number?
False
Suppose 24*k - 13*k - 88 = 0. Suppose 10*l - 6*l = -d + 175, -2*l = k. Is d a prime number?
True
Suppose 0 = 24*s - 3129671 + 783167. Is s a prime number?
True
Suppose 495 - 303579 = -9*o. Suppose o = -76*c + 80*c. Is c composite?
False
Let q(v) = 36*v**2 - 74*v - 5. Let c be q(-21). Suppose 0 = -13*d + c + 35914. Is d a prime number?
False
Let o(h) = -3*h. Let m be o(0). Suppose m = 11*r - 186504 - 94249. Is r prime?
True
Let k = 458 - 452. Is ((-4377)/(k/2))/(3/(-3)) a composite number?
False
Let t be 26/6 - 2/6. Let x = 3634 - 1724. Suppose -x = -t*q + 2310. Is q composite?
True
Let x = -5488 + 54891. Is x prime?
False
Let y = 75793 - -141318. Is y a prime number?
True
Suppose 30 = -4270*m + 4285*m. Let z(g) = -g**3 + 5*g**2 + 6*g + 3. Let x be z(-6). Suppose -3*b - 2*d = -1330 + x, -4*d = m*b - 658. Is b prime?
False
Let g(r) = 38 - 123*r**2 - r**3 - 159*r**2 + 27*r + 309*r**2. Is g(21) prime?
True
Let g(s) = 4654*s**2 + 5*s - 5. Let o be g(1). Let f = 9124 - o. Suppose -11201 = -5*r - 4*t, 11*r = 13*r - t - f. Is r a composite number?
False
Suppose 87015074 = 285*f - 205*f - 5030286. Is f prime?
False
Let d = -3352 + 5775. Let q = 5182 - d. Is q a composite number?
True
Let o(q) = -456*q**3 - 4*q**2 + 17*q + 135. Is o(-8) prime?
False
Let p = 362402 + 112739. Is p composite?
False
Let t(x) = -22*x - 39. Let g(i) = 23*i + 40. Let q(y) = -6*g(y) - 7*t(y). Is q(17) a prime number?
False
Suppose -11*u + 2*u = -36. Is ((-74)/u + 9)/((-1)/14) a composite number?
True
Is 1619/(-12 + (-915)/(-75)) composite?
True
Let r = 24520 - 36546. Let z = -4587 - r. Is z a prime number?
False
Suppose -4*v - 4*y - 15873 = -46821, -4*v + 30980 = -4*y. Is v a prime number?
True
Let a(b) = -23*b**3 - 29*b**2 - 5*b - 27. Is a(-16) a prime number?
True
Let m(k) = 42 - 4*k + 2*k + 4. Let a be m(21). Is (-1)/(-4) + 355/a a composite number?
False
Let p = 36526 - 14825. Is p composite?
False
Let d = -95 + 102. Suppose d*h - 1618 = 7167. Is h prime?
False
Is 721862/7 + (9 + 1900/(-210))*3 composite?
False
Suppose j + 4*n = -0*j - 122, 0 = 4*j - 2*n + 560. Let v = -104 - j. Is (17/v)/(2/7724) a composite number?
False
Let k = -4994 + 10436. Let y = 2907 - 2902. Suppose -y*h + k = h. Is h a composite number?
False
Suppose -c - 13 + 18 = 0. Suppose 0 = -c*a + 3*a - 4*a. Suppose a = 2*p + 19 - 1191. Is p a composite number?
True
Suppose 0 = -12*q - 3*q + 1875. Let y = q + -117. Let p(s) = 261*s - 35. Is p(y) a prime number?
True
Let l(v) = 2*v**3 + 7*v**2 - 10*v - 8. Let y be l(-6). Let f = y - -139. Is f a prime number?
True
Let z = 42 - 42. Let u = z + 5. Suppose 0 = l - 4*i - 511, -5*l - u*i + 2483 + 72 = 0. Is l composite?
True
Is -3 + ((-6492590)/(-14) - 321/749) a composite number?
False
Suppose 62*o - 58*o + 765073 = 3*r, 765103 = 3*r + 2*o. Is r a prime number?
False
Let x(y) = 25*y**2 - 10*y + 116. Suppose 3*f = 4*z - 32 - 14, -2*z = 2*f - 30. Is x(z) composite?
False
Let q(t) = 4*t**2 + t + t**2 - 8*t**2 - 1 + 4*t**2. Let w(d) = d**3 - 7*d**2 + 16*d + 1. Let p(g) = -4*q(g) + w(g). Is p(12) prime?
True
Let r(c) = 17*c - 3. Let f be r(5). Let k = f + -86. Is (-170679)/(-45) - k/30 a prime number?
True
Suppose 7326 = 2*s - 4*g, 24 = 5*g + 19. Is s prime?
False
Let t(d) = 378*d + d**3 - 2*d**3 + 6*d**2 - 1 - 382*d. Let k be t(5). Suppose m = -m + 2*i + 7116, k*i - 3583 = -m. Is m prime?
False
Let l = -409 - -409. Suppose 3*y - 2*p - p - 8343 = l, -4*y = 3*p - 11152. Is y prime?
False
Suppose -4*s + 3*n = -0*s + 3515, 2635 = -3*s + 2*n. Let o be 4/(-6) - s/21. Let j = 118 - o. Is j composite?
True
Suppose -5538 - 13414 = -23*c. Suppose -353 = -5*g + 2702. Suppose -5*j - 4*z = -j - c, -g = -3*j + 4*z. Is j a prime number?
False
Let s be 47 + (-2)/(-6) + (-35)/15. Let w = s + -41. Is -71*(w - 3)*-5 prime?
False
Let t(z) = -2213*z**3 + 13*z**2 - 14*z - 55. Is t(-6) a composite number?
True
Suppose -2*o - 5*s + 192264 = 0, 0 = 646*o - 645*o + 5*s - 96137. Is o composite?
True
Let d = 195 + -179. Suppose 12*t = d*t - 628. Is t a prime number?
True
Let f(h) = h**3 + 54*h**2 + 6*h + 15. Is f(-29) a prime number?
False
Let u be 1*-3 - (10 + -261). Suppose 5*t - 5*h - 4 = -3*h, 0 = 2*t - 3*h - 6. Suppose 5*i + 2*r - 5*r - u = t, 3*i + 5*r = 142. Is i composite?
True
Suppose -1326*l + 1320*l + 1345398 = 0. Is l a prime number?
True
Let n = 17488 - 6549. Suppose -54681 = -14*r + 9*r + 4*g, r + 2*g = n. Is r prime?
True
Let j = -34 + 36. Suppose j*l = l - 2*v + 10, -5*v = -15. Suppose l*n + 2*h - 132 = h, 165 = 5*n + 2*h. Is n composite?
True
Let q(g) = -1686*g**3 - 11*g**2 - 71*g - 467. Is q(-7) prime?
False
Let o(v) = 4*v**2 + 39*v - 197. Let j(q) = q**2 - 17*q - 110. Let x be j(23). Is o(x) prime?
False
Let a(r) = -103*r + 10. Let c be -12 - -20 - 4*1. Suppose 10 = b + 3*l - 2, c*b = -l - 7. Is a(b) composite?
True
Let w(t) = -43*t + 60. Let j(h) = 41*h - 58. Let f(b) = -6*j(b) - 5*w(b). Suppose u - 55 = 6*u. Is f(u) a composite number?
False
Let q(m) = 1575*m - 72. Let x be q(9). Suppose -5*c = -40888 + x. Is c composite?
True
Let x(u) = -3*u**2 + 4. Let g be x(0). Suppose 47145 = 17*s + g*s. Is s prime?
False
Suppose 0 = -4*z + 8 - 8. Let m(n) = n**2 - 3*n. Let b be m(z). Suppose -2*a + 6*a + 5*x = 349, b = -3*a + x + 276. Is a a composite number?
True
Let i be ((114/15)/(10/25))/1. Suppose -7*t = -i*t + 316068. Is t a prime number?
True
Is ((-10)/(-25))/((100/106652625)/(4/6)) composite?
False
Let p(s) = -10*s + 7*s**2 + 5*s + 69465*s**3 - 3 - 14291*s**3 + 8*s. Is p(1) composite?
True
Suppose 30 = 3*a - 8*a + 3*t, 0 = 4*a - 4*t + 16. Let k = a + 35. Let f(l) = -l**3 + 27*l**2 + 20*l + 21. Is f(k) a prime number?
True
Suppose -2*n + 2074397 + 396563 = -2392950. Is n a prime number?
False
Let w(q) = -q**2 + 16*q - 26. Let j be w(14). Suppose -5*l = 5*y - 5680, -2*l + 2*y + 4550 = j*l. Suppose 10*h - 7*h = l. Is h prime?
True
Suppose 2*b = -5*z - 7, 2*z = 5*z + b + 5. Let f(w) = -2322*w - 19. Is f(z) composite?
False
Is 30/18*1311951/155 a composite number?
False
Let s 